 7 and 253253?
7
Calculate the greatest common divisor of 168 and 286818.
42
Calculate the highest common factor of 76 and 220153.
19
What is the highest common divisor of 1038 and 3177318?
1038
Calculate the greatest common factor of 34062 and 42.
42
What is the highest common divisor of 119 and 1456?
7
What is the greatest common factor of 1815846 and 762?
762
Calculate the highest common divisor of 14 and 745759.
7
Calculate the highest common divisor of 51093 and 252.
63
Calculate the highest common factor of 6441228 and 73.
73
What is the highest common factor of 10456 and 28?
4
Calculate the highest common factor of 1647 and 9900117.
1647
Calculate the highest common divisor of 396287 and 153.
17
Calculate the greatest common divisor of 65 and 6810.
5
Calculate the greatest common divisor of 90530 and 490.
10
What is the greatest common factor of 2896 and 16?
16
What is the greatest common factor of 70 and 177205?
35
What is the highest common divisor of 2167 and 39400?
197
Calculate the greatest common divisor of 4573 and 93074.
269
What is the highest common divisor of 12371 and 445?
89
What is the greatest common factor of 3145870 and 5?
5
Calculate the highest common divisor of 904 and 9704.
8
Calculate the highest common divisor of 1344 and 6972.
84
What is the highest common factor of 97288 and 16?
8
Calculate the highest common divisor of 592 and 28636.
4
Calculate the highest common divisor of 1533 and 2835.
21
What is the highest common factor of 584 and 568?
8
What is the greatest common divisor of 2980 and 297106?
298
Calculate the greatest common divisor of 16352 and 122752.
224
What is the highest common factor of 14756 and 12068?
28
What is the greatest common divisor of 576 and 592?
16
Calculate the greatest common divisor of 1584 and 1881.
99
Calculate the greatest common divisor of 1462284 and 3624.
1812
Calculate the greatest common divisor of 24024 and 91182.
546
Calculate the greatest common factor of 231153 and 39.
39
What is the greatest common divisor of 48 and 8898132?
12
What is the greatest common factor of 264 and 2656104?
264
What is the highest common divisor of 4736 and 5184?
64
Calculate the greatest common factor of 104 and 112853.
13
What is the greatest common divisor of 94367 and 21?
7
What is the highest common factor of 249 and 88?
1
Calculate the highest common factor of 111882 and 58.
58
Calculate the highest common divisor of 178749 and 99.
9
Calculate the greatest common divisor of 44388 and 324.
324
Calculate the greatest common factor of 209622 and 168.
42
What is the highest common factor of 8873 and 19?
19
Calculate the greatest common divisor of 4 and 50455.
1
What is the highest common factor of 77035 and 145?
5
Calculate the greatest common divisor of 7597436 and 7.
7
Calculate the greatest common divisor of 9570 and 4950.
330
What is the highest common factor of 2976 and 7626?
186
What is the greatest common divisor of 153418 and 158?
158
What is the greatest common factor of 450 and 8938575?
225
What is the greatest common factor of 856 and 28?
4
What is the greatest common divisor of 3 and 3400953?
3
What is the highest common factor of 1662189 and 9455?
1891
Calculate the greatest common factor of 1862 and 646.
38
Calculate the highest common factor of 553 and 1736.
7
Calculate the highest common divisor of 39494 and 438991.
1519
What is the greatest common factor of 60 and 55716?
12
What is the greatest common divisor of 1490 and 863306?
298
Calculate the greatest common factor of 31406 and 82.
82
Calculate the greatest common divisor of 314456 and 230.
46
What is the highest common factor of 840060 and 29250?
1170
What is the highest common factor of 672 and 2226?
42
Calculate the greatest common factor of 330 and 539.
11
What is the greatest common factor of 41326 and 10?
2
What is the highest common divisor of 363 and 73887?
33
What is the greatest common factor of 2698 and 21442?
142
Calculate the greatest common factor of 351 and 34857.
27
What is the highest common factor of 232368 and 611?
47
Calculate the greatest common divisor of 52548 and 53756.
604
What is the highest common divisor of 376320 and 1470?
1470
What is the greatest common divisor of 4223 and 515?
103
What is the highest common factor of 530 and 764419?
53
Calculate the highest common divisor of 17741 and 226.
113
What is the highest common factor of 797595 and 15?
15
Calculate the greatest common divisor of 64 and 11488.
32
Calculate the highest common divisor of 712 and 153792.
712
Calculate the highest common factor of 4043334 and 12.
6
Calculate the highest common factor of 11079 and 6507.
9
Calculate the highest common factor of 604 and 69158.
302
Calculate the greatest common factor of 462 and 154476.
42
What is the highest common divisor of 3850190 and 1042?
1042
What is the highest common divisor of 850 and 30?
10
What is the greatest common divisor of 9263 and 1256?
157
What is the greatest common divisor of 156571 and 116?
29
What is the highest common divisor of 1134 and 1540?
14
What is the highest common divisor of 96200 and 1560?
520
Calculate the highest common divisor of 220093 and 873.
97
Calculate the greatest common divisor of 23 and 1382415.
23
Calculate the highest common factor of 3772 and 11152.
164
Calculate the greatest common factor of 34 and 1377.
17
What is the greatest common divisor of 16 and 43448?
8
Calculate the greatest common factor of 113428 and 196.
28
Calculate the greatest common factor of 8535 and 60.
15
Calculate the greatest common divisor of 202 and 20099.
101
Calculate the greatest common divisor of 2840695 and 1370.
685
What is the highest common divisor of 534 and 5334?
6
What is the greatest common factor of 51 and 92956?
17
What is the greatest common divisor of 4070 and 605?
55
Calculate the greatest common divisor of 17797 and 4810.
481
What is the greatest common factor of 50 and 49550?
50
What is the greatest common divisor of 30861 and 60579?
1143
What is the highest common divisor of 13995 and 855?
45
What is the highest common divisor of 193310 and 247?
13
Calculate the highest common divisor of 75 and 65445.
15
Calculate the highest common factor of 63 and 207.
9
What is the greatest common factor of 166477 and 601?
601
Calculate the greatest common factor of 730 and 515745.
365
What is the greatest common factor of 1357 and 92866?
59
What is the highest common divisor of 11662 and 56?
14
What is the highest common factor of 325 and 91325?
325
What is the greatest common factor of 318756 and 33664?
1052
Calculate the greatest common divisor of 1653 and 388890.
87
Calculate the greatest common divisor of 432 and 14175.
27
Calculate the greatest common divisor of 828480 and 120.
120
Calculate the highest common divisor of 1001 and 44.
11
What is the greatest common factor of 20 and 1210900?
20
What is the greatest common divisor of 4790 and 10?
10
Calculate the greatest common divisor of 68 and 14739.
17
What is the highest common divisor of 42441 and 258?
129
Calculate the greatest common factor of 74898 and 3.
3
What is the greatest common factor of 790 and 5023610?
790
What is the highest common factor of 303276 and 1592?
796
What is the greatest common divisor of 104 and 41938?
26
What is the greatest common divisor of 34 and 533086?
34
Calculate the greatest common factor of 4 and 769.
1
Calculate the greatest common factor of 39372 and 816.
204
Calculate the highest common factor of 2886 and 28379.
481
What is the greatest common divisor of 500781 and 711?
237
Calculate the highest common factor of 75568 and 112.
16
What is the highest common divisor of 12 and 79632?
12
What is the highest common divisor of 237299 and 1322?
661
Calculate the greatest common divisor of 82639 and 69.
23
What is the highest common divisor of 3456 and 73344?
384
Calculate the greatest common factor of 464 and 55419.
29
What is the greatest common divisor of 912 and 1691?
19
What is the highest common divisor of 457720 and 1280?
40
Calculate the highest common divisor of 1880 and 12455.
235
Calculate the highest common factor of 2624 and 11603.
41
What is the highest common divisor of 460827 and 9?
9
Calculate the highest common factor of 237850 and 550.
50
Calculate th